culate the greatest common factor of a and b.
16
Let g be (-29)/4 + (-4)/(-16). Let u = 24 + g. Suppose -505 = 5*x - 1270. What is the highest common factor of x and u?
17
Suppose -3*m + 0*m + 3*d = -198, -3*d = m - 66. Calculate the greatest common divisor of m and 6.
6
Let b be 0/(-1) + (6 - -1). Let a(t) = -t**2 + 10*t - 5. Let u be a(b). Let y be 2/4*-4 - -34. What is the greatest common divisor of u and y?
16
Suppose -3*d - 66 = -4*o - 0*d, -3*d - 6 = 0. Let g = o + -11. What is the highest common divisor of 1 and g?
1
Let y = 733 - 517. What is the greatest common divisor of y and 27?
27
Suppose 0 = p + 4*p - 160. Suppose 0 = -x + 2*s + p, -x + 3*x = -2*s + 64. What is the greatest common factor of 16 and x?
16
Suppose -5*u + u = -4*r - 116, 0 = 3*u + 4*r - 94. What is the highest common divisor of u and 6?
6
Let f be 4*7*(-3)/(-12). Let y = 41 + f. What is the highest common divisor of 16 and y?
16
Let r(j) = -j**3 + 17*j**2 + j + 23. Let g be r(17). Calculate the greatest common divisor of g and 40.
40
Suppose -5*m + 75 = 7*i - 2*i, 25 = 5*m. What is the highest common divisor of 5 and i?
5
Let o be 2/(-7) - 200/(-14). Suppose -5*d + d = -t + 114, 0 = 4*t - 5*d - 489. What is the greatest common factor of t and o?
14
Let z be 14/(3/36*1). Suppose 3*h = h + z. Suppose -3*b = q - 31, -8*b + 5*q = -3*b - 85. What is the highest common divisor of b and h?
12
Suppose 0 = -w + 4, 5*w + 494 - 64 = 5*x. Let k = -65 - -101. Calculate the highest common divisor of k and x.
18
Suppose -2*g = -3*g + 2. Suppose -o + 36 = g*o. What is the highest common factor of 120 and o?
12
Suppose 8*w - 180 = -5*b + 3*w, 0 = 4*b - 4*w - 120. Suppose -f + 3*f = 6. What is the greatest common divisor of f and b?
3
Let y be 4*(15/4)/5. Let p be 10 - -2*y/3. Suppose -4*f + f = -p, -5*i - 4*f + 56 = 0. Calculate the greatest common factor of i and 8.
8
Suppose -4*u = -29 - 3. Calculate the highest common divisor of u and 2.
2
Let v be (0 - 1)*2*-3. Let b be (-30)/55*11/(-1). Calculate the highest common divisor of v and b.
6
Suppose -4*c - 26 = -5*c. What is the greatest common factor of 2 and c?
2
Suppose -4*d = -7*d + 12. Suppose 2*f + d*v = 6*f - 4, 0 = -2*f + 4*v - 2. Let p be 17/2 - 2/(-4). What is the highest common divisor of f and p?
3
Let t(m) = -7*m. Suppose -5*o + 3*o = 28. Let x be t(o). Calculate the greatest common divisor of 14 and x.
14
Let x(q) = q**3 - 2*q**2 - 5*q - 1. Let v be x(4). Let s be 45/54 + 1/6. What is the highest common divisor of s and v?
1
Suppose -2*n - 2 = h + 1, -h + n + 9 = 0. What is the highest common divisor of 50 and h?
5
Suppose -5*t + 288 = -952. Let i be (-4)/6 - (-190)/6. What is the highest common factor of t and i?
31
Let l(i) be the second derivative of i**3/6 + i**2 + 2*i. Let o be l(0). Suppose -46 - 122 = -o*m. Calculate the highest common factor of 12 and m.
12
Let u = -37 + 167. Suppose 6*b - b = u. Let v = 64 + 1. Calculate the highest common divisor of v and b.
13
Let c be -3 - (-3 + -4) - (-19)/1. What is the highest common divisor of c and 23?
23
Let j = 16 + 11. Suppose 3*q = -2*q. Suppose -2*n + q*a + 38 = 5*a, 4*a = 16. Calculate the highest common divisor of j and n.
9
Let u be (-1)/(-1 - (-384)/385). Calculate the greatest common factor of u and 35.
35
Suppose 2*l - 154 - 206 = 0. Let g be -1 + 19 + 0 + 0. What is the highest common divisor of l and g?
18
Let x = -9 - -121. What is the greatest common factor of x and 28?
28
Let s be (-20)/(-15) + 1/(-3). Let k(y) = y + 2. Let a be k(-1). Calculate the greatest common divisor of a and s.
1
Suppose 2*u + 6*u = 112. What is the highest common divisor of 126 and u?
14
Let k be -4 + 4 + 6*2. What is the greatest common factor of 4 and k?
4
Let n(b) = 13*b - 493. Let j be n(38). Let z be (2 - 1) + 2 - -1. Let o = 7 - z. Calculate the greatest common factor of o and j.
1
Let t(n) = -n**2 + 3*n + 7. Let i be t(5). Let p = i + 21. Calculate the highest common factor of p and 12.
6
Let j = 8 + -8. Suppose -l - 4*x = 14, 3*l - 38 = 4*x - j*x. Let v = -37 - -79. What is the highest common divisor of v and l?
6
Suppose -3*w - k + 645 = 2*w, 0 = 5*k - 25. Suppose -5*a - 23 = -w. Let o be 9/2 - (-18)/(-12). Calculate the highest common divisor of o and a.
3
Suppose -5*c + 44 = -21. What is the highest common factor of c and 39?
13
Let o be (-3)/(-3) - (-8 - -1). Suppose -5*c - 33 = -2*v, -c = 4*v + 3*c + 4. Let h be (57/(-15) + v)*5. Calculate the greatest common divisor of o and h.
1
Let j(k) = 2*k**2 + 7*k + 14. Let x be j(-7). What is the greatest common divisor of x and 7?
7
Let a be (-32)/2 + (3 - 5). Let h = a - -39. What is the highest common divisor of h and 210?
21
Suppose -2*a = 2*o - 22, 4*o - 20 = -3*a + 2*a. What is the highest common divisor of 20 and a?
4
Let z(p) = 2*p**3 - 6*p**2 - 3*p + 1. Let o be z(4). What is the highest common factor of 189 and o?
21
Suppose 2*w = -5*z + 31, 2*w = 3*z + 35 + 4. Let i = w - 2. Calculate the highest common factor of 40 and i.
8
Let g = -57 + 113. Calculate the greatest common factor of 8 and g.
8
Suppose -20 = -2*g - 3*g. Let a be -1 + 107 - (g + -2). Calculate the highest common divisor of 13 and a.
13
Suppose -5*p - r = 3, p + 13 = -2*p + 5*r. Let b = p + 8. Suppose 5*g = -40 + 110. Calculate the highest common factor of b and g.
7
Suppose 38 = -x + 2*x - 3*o, 4*x - 178 = -o. Suppose -3*p + x = 2*z, 50 = 4*p + 3*z - 9. Calculate the highest common factor of p and 154.
14
Suppose -3*t - 183 = -2*s, -t - 30 - 61 = -s. What is the greatest common factor of 36 and s?
18
Let b = 50 + -48. Let c(t) = 16*t + 10*t - 7*t - 1. Let m be c(1). What is the greatest common divisor of b and m?
2
Let r be ((-1)/(-3))/((-40)/42 + 1). Calculate the highest common divisor of 7 and r.
7
Let x = -5 + 6. Let a be (5/3 - x)*-3. Let t be 368/24 + a/(-3). Calculate the highest common divisor of t and 2.
2
Suppose b - 31 = -9. Let a = -20 - -22. Calculate the greatest common factor of b and a.
2
Let z(f) = 18*f**2 - f - 5. Let y be z(-4). Let t = y + -197. Let a(s) = -s**3 + s**2 + s + 10. Let q be a(0). Calculate the highest common factor of t and q.
10
Suppose -2*k - 20 = -5*d, k + 5 = -2*d + 4. Suppose -d*t + 7 = -15. Let o be 133/4 - (-1)/(-4). What is the greatest common divisor of o and t?
11
Suppose 24 = 3*x + x. Suppose 5*r = -x - 34. Let d be -4*(r - (-1 - -2)). Calculate the highest common factor of d and 12.
12
Let d(n) = 6*n + 77. Let r be d(-9). Let l = 0 + 69. Calculate the highest common factor of l and r.
23
Let x = -26 - -32. Suppose x = 2*q + q. Calculate the highest common factor of 10 and q.
2
Let c = 578 - 389. What is the highest common divisor of c and 27?
27
Suppose -2*k - 9 = 3*l + k, -2*l + k - 15 = 0. Let b be 3/l + (-186)/(-4). Suppose -s + b = -8. Calculate the greatest common divisor of s and 6.
6
Let o = 33 - -17. Let j = 86 - o. Let v = 39 - 27. Calculate the greatest common divisor of v and j.
12
Suppose 94 = 2*z + s, z - 57 = s - 4*s. Calculate the highest common divisor of z and 18.
9
Let w(y) = 5*y**2 + 6*y + 5. Let v be w(-5). Suppose 5*p = -0*p + v. Calculate the highest common factor of 5 and p.
5
Let g = 3 + 3. Suppose -3*b = 5*x + 395, 0*b = 3*x + 3*b + 243. Let d = 130 + x. What is the highest common divisor of g and d?
6
Let b(t) = -3*t - 11. Let s be b(-13). Suppose -2 = -5*k + 68. What is the highest common divisor of s and k?
14
Suppose h = 0, 0*w + 3*h = 2*w - 12. What is the greatest common divisor of w and 2?
2
Suppose 99*a - 103*a = -204. What is the greatest common divisor of a and 153?
51
Let y be 1 + -3 + (-18)/(-2). Suppose -2*x - 160 = -7*x. Let m = -18 + x. What is the greatest common divisor of y and m?
7
Let m = 197 - 122. Calculate the greatest common factor of m and 15.
15
Let i(d) = 20*d. Let v be i(11). Suppose -5*a + 4*z + 96 = 2*z, -90 = -4*a - 5*z. What is the highest common divisor of a and v?
20
Suppose 25 = 4*i + i. Let h = i + -3. Suppose -g = -3*l - 25, -h*g - 6 + 44 = -2*l. What is the greatest common divisor of 4 and g?
4
Let a(x) = x**3 - 5*x**2 + 1. Suppose -3*o + 5*w = -36 - 4, -4*o + 4*w + 40 = 0. Let g be a(o). Let m = 5 - g. What is the highest common divisor of 28 and m?
4
Let c = 33 - -22. What is the greatest common divisor of 11 and c?
11
Let k be (10/3)/(